{"id":16,"date":"2017-07-26T15:18:23","date_gmt":"2017-07-26T13:18:23","guid":{"rendered":"http:\/\/www.grammaticanto.it\/wp\/?page_id=16"},"modified":"2017-08-23T18:16:18","modified_gmt":"2017-08-23T16:16:18","slug":"dicono-di-noi","status":"publish","type":"page","link":"https:\/\/www.grammaticanto.it\/?page_id=16","title":{"rendered":"Dicono di Grammaticanto"},"content":{"rendered":"<h3>Rassegna stampa<\/h3>\n<p>&nbsp;<br \/>\n<a href=\"http:\/\/www.grammaticanto.it\/txt\/porcelli.pdf\"><strong>Prefazione del libretto &#8220;Grammaticanto&#8221;<\/strong> <\/a><br \/>\n<em>del Prof. Gianfranco Porcelli<\/em><br \/>\n\u201cLa grammatica \u00e8 arida&#8230;. I termini grammaticali sono tra i primi \u201cparoloni\u201d che il bambino deve affrontare nella scuola \u2013 parole lunghe come \u201cindeterminativo\u201d e espressioni complesse come \u201cpreposizione articolata\u201d, rispettivamente&#8230;<\/p>\n<p><a href=\"http:\/\/www.grammaticanto.it\/txt\/porcelli2000.pdf\"><strong>Prefazione del libretto &#8220;Grammaticanto 2000&#8221;<\/strong> <\/a><br \/>\n<em>del Prof. Gianfranco Porcelli<\/em><br \/>\nE&#8217; con grande piacere che presento ai lettori &#8211; ascoltatori questa seconda raccolta della serie &#8220;Grammaticanto&#8221;. Piacere perch\u00e8 lo sviluppo della serie testimonia che l&#8217;impegno appassionato del Maestro Alberto Villa, dei suoi scolari&#8230;<\/p>\n<p><a href=\"http:\/\/www.grammaticanto.it\/txt\/fanara.pdf\"><strong>Recensione della dott. Rosangela Fanara &#8211; Universit\u00e0 degli studi di Catania<\/strong><\/a><br \/>\nDegli strumenti approntati dal maestro Alberto Villa, l\u2019oramai notissimo autore di una nutrita serie di CD che veicola i tradizionali contenuti curricolari della scuola primaria attraverso un\u2019accattivante facies musicale, tanto si \u00e8 scritto. E a ragione&#8230;<\/p>\n<p><a href=\"http:\/\/www.grammaticanto.it\/txt\/recensionedds.pdf\"><strong>Recensione di Laura Colizzi e Rosanna Alberti sul quindicinale &#8220;I Diritti della Scuola&#8221;<\/strong><\/a><br \/>\nSe desiderate invece qualcosa di diverso segnaliamo delle simpatiche canzoncine che potete far ascoltare in classe, prendendo, come si suol dire, &#8220;due piccioni con una fava&#8221;: Grammaticanto di Alberto Villa \u00e8 un album con testi e disegni&#8230;<\/p>\n<p><a href=\"http:\/\/www.grammaticanto.it\/txt\/santamargherita.pdf\"><strong>L&#8217;Ass. &#8220;Famiglie per l&#8217;Educazione&#8221; racconta lo spettacolo di S. Margherita Ligure<\/strong><\/a><br \/>\nSabato 23 gennaio alle ore 16 l\u2019Auditorium della Scuola Statale \u201cV.G. Rossi\u201d a S. Margherita Ligure, istituto comprensivo di media inferiore, elementare e materna, era stracolmo di bambini, genitori, insegnanti che si sono ritrovati&#8230;<\/p>\n<p><a href=\"http:\/\/www.grammaticanto.it\/txt\/articolo_grazia.pdf\"><strong>Articolo su Grazia<\/strong><\/a><br \/>\n<em>di Stefania Rossetti<\/em><br \/>\nAlberto Villa insegna religione cattolica da venticinque anni. Come? Con il \u00abpastor-rap\u00bb, per esempio. Uno struggente, surreale, spettacolo musical-religioso. Protagonisti: un nugolo di bambini della seconda elementare di Vimercate&#8230;<\/p>\n<p><a href=\"http:\/\/www.grammaticanto.it\/txt\/cittadino.pdf\"><strong>Ed ecco i cd di grammatica rock<\/strong><\/a><br \/>\n<em>da &#8220;il Cittadino&#8221;<\/em><br \/>\nAppena arriva a scuola il maestro Villa, Marina e Lorenzo, gli si avvicinano e gli dicono: \u00abMaestro, a noi non rimaneva in testa la successione delle preposizioni semplici, adesso cantiamo la sua canzone \u201cDiada\u201d, e ce la ricordiamo&#8230;<\/p>\n<p><a href=\"http:\/\/www.grammaticanto.it\/txt\/tempi.pdf\"><strong>Maestri e sfide<\/strong> <\/a><br \/>\n<em>da &#8220;Tempi&#8221;<\/em><br \/>\nFinalmente posso parlare di maestri maschi. Finora non avevo potuto farlo per \u201cmancanza di materiale\u201d, o meglio, l\u2019unico maestro conosciuto era del tipo che non ti ricordi neanche che cosa insegnasse. Il maestro Alberto ha messo insieme la sua passione&#8230;<\/p>\n<p><a href=\"http:\/\/www.grammaticanto.it\/txt\/noigen.pdf\"><strong>Imparare cantando: la grammatica&#8230; in note\u00a0<\/strong><\/a><br \/>\n<em>da &#8220;Noi genitori e figli&#8221;<\/em><br \/>\nChe barba la grammatica! Confessiamolo: tutti l&#8217;abbiamo detto o pensato almeno una volta nella vita, specialmente quando andavamo alle elementari. Eppure non c&#8217;\u00e8 via di scampo: \u00e8 il fondamento della lingua, bisogna conoscerla&#8230;<\/p>\n<p><a href=\"http:\/\/www.grammaticanto.it\/txt\/gazzmezzog.pdf\"><strong>\u00abGrammaticanto\u00bb insegnare cantando<\/strong> <\/a><br \/>\n<em>da &#8220;La Gazzetta del Mezzogiorno&#8221;<\/em><br \/>\nQuando l\u2019amore per la didattica e per gli scolari trova un educatore appassionato come il maestro Alberto Villa, che riesce a trasmettere la regole della grammatica, porgendole attraverso l\u2019uso del canto, della musica e del ballo&#8230;<\/p>\n<p><span style=\"color: #0066cc;\"><a href=\"http:\/\/www.grammaticanto.it\/txt\/giornalesicilia.pdf\"><strong>Articolo sul &#8220;Giornale della Sicilia&#8221;<\/strong> <\/a><br \/>\n<\/span><em>di C. Petta<\/em><br \/>\nIncontrare un maestro della scuola elementare non \u00e8 oggi un fatto comune. Incontrarne uno cos\u00ec appassionato del suo lavoro da creare delle canzoni per insegnare ai bambini la grammatica \u00e8 certamente un fatto alquanto&#8230;<\/p>\n","protected":false},"excerpt":{"rendered":"<p>Rassegna stampa &nbsp; Prefazione del libretto &#8220;Grammaticanto&#8221; del Prof. Gianfranco Porcelli \u201cLa grammatica \u00e8 arida&#8230;. I termini grammaticali sono tra i primi \u201cparoloni\u201d che il bambino deve affrontare nella scuola \u2013 parole lunghe come \u201cindeterminativo\u201d e espressioni complesse come \u201cpreposizione articolata\u201d, rispettivamente&#8230; Prefazione del libretto &#8220;Grammaticanto 2000&#8221; del Prof. Gianfranco [&hellip;]<\/p>\n","protected":false},"author":1,"featured_media":0,"parent":0,"menu_order":0,"comment_status":"closed","ping_status":"closed","template":"","meta":[],"_links":{"self":[{"href":"https:\/\/www.grammaticanto.it\/index.php?rest_route=\/wp\/v2\/pages\/16"}],"collection":[{"href":"https:\/\/www.grammaticanto.it\/index.php?rest_route=\/wp\/v2\/pages"}],"about":[{"href":"https:\/\/www.grammaticanto.it\/index.php?rest_route=\/wp\/v2\/types\/page"}],"author":[{"embeddable":true,"href":"https:\/\/www.grammaticanto.it\/index.php?rest_route=\/wp\/v2\/users\/1"}],"replies":[{"embeddable":true,"href":"https:\/\/www.grammaticanto.it\/index.php?rest_route=%2Fwp%2Fv2%2Fcomments&post=16"}],"version-history":[{"count":8,"href":"https:\/\/www.grammaticanto.it\/index.php?rest_route=\/wp\/v2\/pages\/16\/revisions"}],"predecessor-version":[{"id":21,"href":"https:\/\/www.grammaticanto.it\/index.php?rest_route=\/wp\/v2\/pages\/16\/revisions\/21"}],"wp:attachment":[{"href":"https:\/\/www.grammaticanto.it\/index.php?rest_route=%2Fwp%2Fv2%2Fmedia&parent=16"}],"curies":[{"name":"wp","href":"https:\/\/api.w.org\/{rel}","templated":true}]}}